- (-2 - -4 - 14)) + 30?
31
Calculate 5 - 23 - (2 - 31).
11
Calculate 79 - -4 - (-38 - -63 - (19 - 6)).
71
0 + -13 - ((-314 - -130) + 210)
-39
What is (-1 + -34 - (16 - 17)) + 40 + -52?
-46
Calculate (-3 - (21 + (19 - 26))) + -26.
-43
Evaluate 43 - (-32 - (-12 + 0) - 9).
72
What is -2 + -1 + 58 - (0 + -2 - -9)?
48
Calculate 2 - -13 - (41 - (20 + 13)).
7
Evaluate -62 - (24 + -2 + 1 + 3037 + -3081).
-41
Evaluate (62 - (138 - 56)) + 27.
7
What is (0 - -1 - -1) + -17 + -9 + 12 + -2?
-14
Evaluate (-1 - -34 - (5 - -12)) + -22.
-6
Evaluate -13 + 4 + -1 + (104 - 123).
-29
What is 51 + -14 - -1 - (38 - 18) - -8?
26
What is the value of (1 + 2 - 1) + (2 - (7 + 4 + 47))?
-54
Evaluate 1 - 21 - (-747 + 718) - (24 - 2).
-13
What is (-14 - (-6 - 0) - (107 + -109)) + 70?
64
What is the value of 8 + -5 + 0 + (9 + -10 - (-6 + 1))?
7
What is the value of (7 + 34 - 11) + -45 - 46?
-61
-16 + 16 + 8 - (-29 - (-2 + 1))
36
Calculate -1563 + 1559 - (3 + -10 - -3).
0
Calculate 16 - (12 - (47 + -15 - 7)).
29
(-6 + 3 - 5) + (103 + 8 - 104)
-1
Evaluate -25 + (5 - (15 + -47)).
12
Evaluate (6 - (53 + (-23 - 3))) + -2.
-23
(25 + -4 - 29 - (-3 + -1) - 8) + -46
-58
What is the value of 126 - (42 + 67 + -38)?
55
Evaluate 7 + -23 - (8 - (10 + 24)).
10
Calculate (-7 - (-2 + 3) - (51 + -42)) + -13.
-30
Evaluate 89 + 3 + 2 - (23 - (26 - 5) - -5).
87
Calculate -212 + 301 + -105 + -74.
-90
-5 + -7 + 28 + -15 + 2
3
What is (163 - 202) + 42 + (1 - -36)?
40
(-63 - -54) + (43 - 37) + (-1 - -63) + -8
51
What is the value of -2 - -134 - (-22 - (-20 + 1 - 9 - -15))?
141
-25 - (-81 - -7) - (8 - (0 + -1))
40
What is the value of 3 - (6 + -4) - (-17 - (65 - 15) - -19)?
49
What is -5 + (14 + -22 + 16 - -1) - -75?
79
69 - (-14 - -8) - (16 - (48 - 21))
86
Calculate (-2 + 5 - 13) + (-23 - (-14 - 22)).
3
Evaluate 42 + (-3 - -3) + 14 + -3 + -47 + 32.
38
18 - ((-20 - -31) + 3) - 38
-34
Evaluate -3 - ((1 - 2) + -6 + 5777 + -5704).
-69
What is the value of -133 + (-49 - -100) + 110?
28
(13 + -5 - 11) + -4 + -13
-20
Evaluate (-30 - (20 + -18 + -17)) + 66.
51
Calculate (1 - (-1 - -16)) + 5085 + -4999 - (1 + -3).
74
12 + (-14 - -14) - (15 + -12)
9
(-43 - -22 - (-9 - -12)) + -4
-28
Evaluate (-94 - -34) + 50 + (111 - -2) + 1 + 3.
107
What is the value of 4 + 93 - ((-4 + 2 - 24) + (-36 - -56))?
103
Evaluate -41 + 102 + -75 - (-1 + 22).
-35
Evaluate (-20 - -23 - (-3 - -6)) + (-11 - 0).
-11
What is the value of (1 - -6) + (47 - ((-9 - 1) + 14 + 7))?
43
What is the value of (-276 + 265 - (-1 + -1)) + 1 + 22?
14
Evaluate -3 + (-6 + 20 - -2) + 9.
22
-196 + -133 + 71 + 133
-125
What is 178 + -184 + -3 + 27?
18
-45 + 16 + -46 + 68 + 6
-1
Calculate 0 + -5 + (18 - (-10 - -24)).
-1
Calculate 0 + -8 - 3 - 3 - (-1 + 2).
-15
Calculate 92 - 108 - (6 + -4 + -28).
10
Evaluate 654 - 649 - (-2 - (-1 + -12) - (1 + 1)).
-4
What is (60 - 71) + (-5 + 5 - -5) - (5 - 4)?
-7
Calculate (6 - 20) + 17 + (-3 - (-12 + -2)).
14
Evaluate (-1 - 1 - -25 - -2) + 3477 + -3486.
16
Calculate (-4 - -32) + -7 + -31.
-10
What is -248 + 236 - (-15 - (-5 + 0))?
-2
Evaluate 44 + -56 + 146 - 61.
73
(-24 - (18 + -35)) + -3 - (9 + -20)
1
Calculate -11 + (7 - -60) - 96.
-40
-46 + 30 + 60 + -1
43
68 + (-74 - -33) + 35 - (17 + -1)
46
Calculate -391 + 365 + 3 + -5 + 123.
95
What is 39 - ((-3 - -5 - -21 - 13) + -2 + -7)?
38
Evaluate 130 + (9 - 138) - -53.
54
What is 674 + -703 - (2 + -3 + -11) - 13?
-30
-1 - 54 - (1 + -8 + 15) - (-20 - -8)
-51
What is the value of -75 - 20 - 7 - (65 + -111)?
-56
(2 - 21) + 38 + (-136 - (-28 + -2))
-87
Evaluate 0 - ((-17 - (-36 + (9 - -18))) + -1 + 36).
-27
Calculate -32 + -40 + (34 - 27).
-65
What is -4 + -21 + (38 - 22) + 9?
0
What is the value of 9 - (9 + (8 - 7) + 115) - (59 - 47)?
-128
20 + -11 + 19 + -4 + -41
-17
What is the value of 44 - (-13 + (-3 - 12) + 3)?
69
36 - (-113 + (-21 - -122))
48
(-3 - (1 + 2 + -4)) + -176 + 302 + -116
8
What is -1416 - -1427 - (-38 - 2)?
51
Evaluate 1 - -10 - (689 + -696).
18
What is (0 - 18) + 58 + 0 + (15 - 32)?
23
Calculate -56 - (-84 - (-25 + 82)).
85
Calculate -1 + 27 - (981 + -973) - -41.
59
What is (-1 - 29) + (-599 - -595) + -2 + 0?
-36
-77 - (-58 + 45) - ((-6 - 1) + (2 - 3))
-56
2 + 1 + 114 - (4101 - 4057)
73
(56 + -47 - 14) + -2
-7
What is (-15 - (18 - 5)) + (86 - 82)?
-24
1565 - 1481 - (-1 + 40)
45
-26 + -18 + 61 + -1 + -1 + -2 + -3
10
Evaluate -8 + 9 + 0 + 20 + -4 + -3 + 4.
18
-43 + 41 - (-9 - (14 - 17))
4
Calculate -11 - (32 - (-44 - -72)).
-15
Calculate -2 + 10 + (-7 + 4 - -7 - 10 - -5).
7
Evaluate (-1 - -18 - (-343 + 354) - 21) + 3.
-12
-2 + 3 - (-124 - (-50 - (-18 + -4)))
97
Calculate -2 - (-21 + 2 - -4) - (-33 + 0).
46
Calculate (31 - (72 - 1)) + 24 + -2.
-18
Evaluate (2 - (34 + 0)) + (6297 - 6347).
-82
What is (49 - 21) + -48 - (-7 - (131 + 5))?
123
What is the value of (-12 - (12 - (23 + (16 - 12)))) + -52?
-49
9 + 20 + (-43 - 2) - (-3 - 3)
-10
Evaluate -46 - ((-68 - -47) + -16).
-9
Evaluate (-50 - (-1 - (-4 - -9))) + -222 + 221.
-45
Evaluate -242 - -229 - (-4 - (2 - -18)).
11
(-10 - 8 - -32) + 0 + -30 + (-10 - -13)
-13
What is the value of (-85 - 11) + -104 + 95 - -30?
-75
(20 + -17 - 29) + 23 - -62
59
Calculate (-30 - -2) + 7 + 6 + 12 + -34.
-37
Calculate -842 + 898 + 3 + -31.
28
(24 - -1 - (-1887 + 1900)) + 1 + 2 + 11
26
Evaluate -32 + 20 + (15 - (63 - 28)).
-32
What is the value of (8 - -31) + -28 + 2 - 26?
-13
Evaluate 9 - (-1 + 10) - -9 - -23.
32
What is -84 + 31 + 19 - -58?
24
What is the value of 4 + (1 + 1 + 0 - (13 - 18)) + 27?
38
What is -17 - (32 + -42) - (3 - (-7 + -2)) - -1?
-18
-20 + 1 - ((14 - -2) + (2523 - 2496))
-62
Evaluate 14 + 33 + (-108 - -17).
-44
What is (1 - 0) + 348 + -362 - 8?
-21
Calculate (2 - (-43 + -1) - -1) + (2641 - 2649).
39
What is (-21 + 14 - 38) + -21 + 25?
-41
What is the value of -2 + -3 + (36 - 81) + 57 + -80?
-73
What is the value of -3 + 6 + 83 - (84 + -68)?
70
Calculate -64 + (84 - 13 - 30).
-23
What is the value of -100 + 74 + (-56 - -94)?
12
What is the value of 1 + 2 + 0 - (12 + -16 + 18 + -20)?
9
-171 - (30 - 113) - (-12 + -3)
-73
(-4 - 14) + 8 + (-27 - (-24 - -43))
-56
Calculate (-15 - (0 + -3)) + (8 - (-58 - -18) - -10).
46
Evaluate -99 - (-33 + (66 - 44) - (-6 - 9 - 5)).
-108
(19 + -109 - -19 - -24) + -27
-74
Evaluate (0 - 12) + 9 + 45.
42
(3 - 4) + -3 + 33 + 5 + -61
-27
What is the value of -98 + 235 + -136 - (-1 - -1)?
1
Calculate -25 + -136 + 163 + -1 + (2 - 28).
-25
(-16 - (-40 + (3 - 2))) + -34
-11
(3 - (9 - -24) - (4 + 7 + -2)) + 7
-32
What is -1 + -3 - (26 + -5 - 1) - (-11 - -8)?
-21
Evaluate 2 + 40 + -10 + 36 + (-12 - 1).
55
Calculate 21 - (-2 + -8 - (-7 + (6 - (6 + 1)))).
23
What is the value of -14 + (3 - 4) + -39?
-54
What is the value of 16 - (14 + 18) - (-2 - 27)?
13
Evaluate 12 - 2 - (13 + -31 - (33 - 31)).
30
18 + 24 + (-1 - (-3 - -12)) - -13
45
What is the value of -13 - -76 - (37 + -30 + 1)?
55
What is -2 + (-4 + (22 - 2) - 20 - 25)?
-31
Evaluate -16 + (-15 + -1 - (-25 + 47 - 27)).
-27
Evaluate (30 - (-2 + 1)) + (-35 - (-38 - -20 - 6)).
20
Evaluate -46 + (73 - (51 + -13)).
-11
(12 - -13) + (9 - -3) - 83
-46
Calculate -49 + (38 - -63) + -36.
16
Calculate (-13 - (-1 - 2) - (107 - 131)) + -43.
-29
Evaluate -104 - (58 + -180) - (0 - -111).
-93
What is (71 - (5 - 10)) + (-29 - (-32 + -7))?
86
What is the value of -70 + 28 + 32 + (12 - (5 + -2)) - -2?
1
-282 + 272 - (4 + -1)
-13
What is the value of 0 + 0 + -4 + (-37 - -28 - -9)?
-4
Calculate 79 - (45 + (-49 - -99)).
-16
22 - (71 - 109) - (-1 - -9)
52
What is the value of 23 + 1 + (-930 + 910 - (-36 - 1))?
41
35 + -35 + -24 + 0 + 63
39
What is the value of 0 - 28 - (49 - 68)?
-9
7 + -106 + 303 + -129
75
Evaluate 13 - (1 - (-62 + 5) - (70 - 67)).
-42
What is the value of -117 + -1 - (-4074 - -3927)?
29
Calculate 27 - (28 - -89) - -41.
-49
Calculate 7 + -14 + -9 - -4.
-12
What is 61 + (52 + -17 - 47) + (10 - -2)?
61
What is the value of 30 - -5 - (513 - 500)?
22
Calculate -8 - (-8 + 6 + 139) - (430 - 442).
-133
Calculate -5 + (1793 - 1788 - (-1 + 1 + -8)) + -63.
-55
Calculate 25 + -48 + 45 - 11.
11
-31 + 14 + (-15 + 1 + 8 - -22)
-1
(-39 - 108) + (144 - -26)
23
-4 + 3 + 17 + -3 + -6 - -7 - 4
10
What is -34 - (7 + -44) - (2 + 85)?
-84
(49 + -46 - ((1 - 2) + 9) - -27) + -9
13
What is the value of (1 - 90) + -214 + 152 + 93?
-58
What is -7 + (3 - (-10 + 9)) + -23